 a composite number?
False
Is 318979 composite?
False
Is 391109 a prime number?
False
Is 61759 prime?
False
Is 717719 prime?
True
Is 92033 prime?
True
Is 11246 a prime number?
False
Is 3091 composite?
True
Is 3907 a composite number?
False
Is 547811 a prime number?
False
Is 2719 composite?
False
Is 3079 composite?
False
Is 3011 a prime number?
True
Is 633923 prime?
True
Is 7817 prime?
True
Is 219815 a prime number?
False
Is 504529 composite?
True
Is 21943 a composite number?
False
Is 52187 a prime number?
False
Is 18085 composite?
True
Is 13129 a prime number?
False
Is 214129 a composite number?
False
Is 195067 a prime number?
False
Is 692789 composite?
False
Is 9166 a prime number?
False
Is 363997 composite?
True
Is 89293 a composite number?
False
Is 1742907 a composite number?
True
Is 8081 prime?
True
Is 10219 a composite number?
True
Is 45401 prime?
False
Is 5339 composite?
True
Is 4204311 composite?
True
Is 55753 composite?
True
Is 155843 prime?
False
Is 261887 a prime number?
True
Is 5058895 prime?
False
Is 491 prime?
True
Is 96035 prime?
False
Is 67723 a composite number?
False
Is 146479 prime?
False
Is 1701073 a composite number?
True
Is 4861 composite?
False
Is 8503 prime?
False
Is 473009 prime?
True
Is 48197 prime?
True
Is 5227 a composite number?
False
Is 4777 composite?
True
Is 1778165 prime?
False
Is 26453 a composite number?
True
Is 59195 a composite number?
True
Is 2953079 prime?
True
Is 939839 composite?
False
Is 644143 prime?
True
Is 2819 a prime number?
True
Is 407 prime?
False
Is 218567 composite?
True
Is 98521 a prime number?
False
Is 342187 a composite number?
False
Is 3109 composite?
False
Is 16207 a prime number?
False
Is 1325003 composite?
True
Is 12401 a composite number?
False
Is 8483 a prime number?
False
Is 17231 a prime number?
True
Is 72817 a prime number?
True
Is 9293 prime?
True
Is 3037 composite?
False
Is 371 composite?
True
Is 31417 a composite number?
True
Is 13355 composite?
True
Is 192158 prime?
False
Is 28283 a composite number?
False
Is 8411 a prime number?
False
Is 93083 prime?
True
Is 13291 a composite number?
False
Is 80537 a prime number?
True
Is 8311 a prime number?
True
Is 25103 a composite number?
True
Is 2577 a composite number?
True
Is 25591 a prime number?
False
Is 41281 composite?
False
Is 28667 a prime number?
False
Is 15013 a prime number?
True
Is 267617 composite?
True
Is 9242 composite?
True
Is 125399 composite?
False
Is 1203778 a composite number?
True
Is 261889 a prime number?
False
Is 31091 prime?
True
Is 125921 prime?
True
Is 1233039 prime?
False
Is 1328137 prime?
False
Is 21547 prime?
False
Is 70145 prime?
False
Is 55753 a composite number?
True
Is 23801 composite?
False
Is 45407 a composite number?
True
Is 70937 prime?
True
Is 184897 a composite number?
True
Is 30763 a composite number?
False
Is 503859 prime?
False
Is 16673 prime?
True
Is 626317 a composite number?
False
Is 196247 a prime number?
True
Is 150473 prime?
True
Is 1704874 a prime number?
False
Is 64219 composite?
True
Is 72843 a prime number?
False
Is 1795 prime?
False
Is 3387 a composite number?
True
Is 143329 a prime number?
True
Is 277637 prime?
True
Is 23839 prime?
False
Is 2715313 composite?
False
Is 33265 prime?
False
Is 1786679 composite?
False
Is 99469 a composite number?
False
Is 2579 a prime number?
True
Is 1939 prime?
False
Is 17285 prime?
False
Is 66029 prime?
True
Is 1269511 a composite number?
True
Is 26833 a prime number?
True
Is 960017 prime?
True
Is 71471 a prime number?
True
Is 23174 a prime number?
False
Is 8501 a composite number?
False
Is 53 composite?
False
Is 13295 composite?
True
Is 1881389 composite?
False
Is 20521 a prime number?
True
Is 8981 prime?
False
Is 12319 composite?
True
Is 1200673 composite?
False
Is 5639 prime?
True
Is 599671 a composite number?
True
Is 90947 composite?
False
Is 21211 a composite number?
False
Is 5383 composite?
True
Is 200117 a prime number?
True
Is 474809 a prime number?
True
Is 14613 prime?
False
Is 1687 composite?
True
Is 18041 prime?
True
Is 978389 a prime number?
True
Is 114547 a composite number?
False
Is 123229 a prime number?
True
Is 332051 a composite number?
True
Is 40353 a prime number?
False
Is 15401 composite?
False
Is 108037 a composite number?
False
Is 487 a composite number?
False
Is 7609 prime?
False
Is 98837 a composite number?
False
Is 35419 a composite number?
False
Is 14143 prime?
True
Is 52951 a prime number?
True
Is 172001 prime?
True
Is 73751 a prime number?
True
Is 295931 prime?
False
Is 1325639 prime?
False
Is 126039 a composite number?
True
Is 40522 a composite number?
True
Is 14939 composite?
False
Is 61307 composite?
True
Is 976481 composite?
True
Is 88807 a composite number?
False
Is 109023 prime?
False
Is 1367747 a composite number?
True
Is 131477 a composite number?
False
Is 56747 prime?
True
Is 44809 a composite number?
False
Is 2945249 prime?
True
Is 809 prime?
True
Is 6559 a prime number?
False
Is 206657 a prime number?
False
Is 24169 composite?
False
Is 63809 prime?
True
Is 1300217 prime?
False
Is 291077 a prime number?
True
Is 22531 a prime number?
True
Is 28073 a composite number?
True
Is 44977 prime?
False
Is 853 a composite number?
False
Is 5377 composite?
True
Is 15811 a composite number?
True
Is 516757 a composite number?
False
Is 21617 composite?
False
Is 39205 composite?
True
Is 9791 a prime number?
True
Is 77379 a composite number?
True
Is 122099 composite?
False
Is 346493 a prime number?
False
Is 2129 composite?
False
Is 13121 composite?
False
Is 562 prime?
False
Is 16411 a prime number?
True
Is 71113 a prime number?
False
Is 469031 a composite number?
False
Is 4783 a prime number?
True
Is 114739 a composite number?
True
Is 14054 a prime number?
False
Is 1558279 a prime number?
True
Is 548463 a prime number?
False
Is 84121 prime?
True
Is 1078919 a composite number?
False
Is 62767 a prime number?
False
Is 8651 composite?
True
Is 4321 a composite number?
True
Is 143947 a composite number?
False
Is 1261 prime?
False
Is 64553 a prime number?
True
Is 25869 a composite number?
True
Is 380901 a prime number?
False
Is 22711 a composite number?
True
Is 26126 a prime number?
False
Is 1297 a prime number?
True
Is 84857 prime?
True
Is 138674 a prime number?
False
Is 492469 a composite number?
True
Is 349471 a prime number?
True
Is 81629 composite?
False
Is 7283 composite?
False
Is 10201 composite?
True
Is 155887 a composite number?
False
Is 1973 a prime number?
True
Is 39329 a prime number?
False
Is 21809 prime?
False
Is 2939 prime?
True
Is 85097 prime?
False
Is 5833 composite?
True
Is 16823 a composite number?
False
Is 2329 a composite number?
True
Is 4321 a composite number?
True
Is 5807 composite?
False
Is 44827 prime?
False
Is 43037 composite?
False
Is 8311 prime?
True
Is 6079 prime?
True
Is 473789 a composite number?
False
Is 18517 prime?
True
Is 11681 composite?
False
Is 197957 composite?
False
Is 57367 composite?
False
Is 356653 prime?
False
Is 133447 prime?
True
Is 154127 composite?
False
Is 90943 a prime number?
False
Is 102911 a composite number?
False
Is 631 prime?
True
Is 557599 prime?
False
Is 587779 prime?
False
Is 5006 prime?
False
Is 1133959 a composite number?
False
Is 584765 a composite number?
True
Is 102461 a prime number?
True
Is 25523 a composite number?
False
Is 123815 a composite number?
True
Is 12674 prime?
False
Is 8187 prime?
False
Is 146473 a prime number?
False
Is 14969 prime?
True
Is 55433 composite?
True
Is 9707 prime?
False
Is 4644953 a composite number?
False
Is 59 prime?
True
Is 119 a composite number?
True
Is 4377 a prime number?
False
Is 1379 prime?
False
Is 734627 a composite number?
False
Is 19742 a prime number?
False
Is 2391 composite?
True
Is 909002 prime?
False
Is 15637 prime?
False
Is 55579 a prime number?
True
Is 72613 prime?
True
Is 633 composite?
True
Is 104649 a prime number?
False
Is 9413 composite?
False
Is 485 prime?
False
Is 11863 composite?
False
Is 8059 prime?
True
Is 19029 a prime number?
False
Is 107851 composite?
True
Is 19001 a prime number?
True
Is 50441 composite?
False
Is 678485 composite?
True
Is 84263 a composite number?
False
Is 8191 prime?
True
Is 1444767 prime?
False
Is 30737 composite?
True
Is 2014967 a composite number?
False
Is 6421 a prime number?
True
Is 1393547 